5
What is the tens digit of 476394?
9
What is the hundred thousands digit of 1831864?
8
What is the units digit of 4284680?
0
What is the ten thousands digit of 2324782?
2
What is the units digit of 1888224?
4
What is the ten thousands digit of 3040580?
4
What is the tens digit of 1110410?
1
What is the units digit of 46136?
6
What is the ten millions digit of 20192240?
2
What is the hundreds digit of 63739?
7
What is the ten thousands digit of 195665?
9
What is the thousands digit of 11486139?
6
What is the tens digit of 4400712?
1
What is the millions digit of 2804104?
2
What is the ten thousands digit of 526195?
2
What is the ten millions digit of 18698732?
1
What is the tens digit of 29285977?
7
What is the hundreds digit of 6248274?
2
What is the ten thousands digit of 86826?
8
What is the hundreds digit of 178671?
6
What is the units digit of 2874064?
4
What is the hundreds digit of 966537?
5
What is the hundred thousands digit of 1269777?
2
What is the thousands digit of 5760413?
0
What is the units digit of 3688314?
4
What is the hundreds digit of 508126?
1
What is the ten millions digit of 12413009?
1
What is the hundred thousands digit of 18060642?
0
What is the tens digit of 30451414?
1
What is the tens digit of 131447?
4
What is the tens digit of 267321?
2
What is the units digit of 24968?
8
What is the hundred thousands digit of 3432106?
4
What is the thousands digit of 132868?
2
What is the tens digit of 2514245?
4
What is the units digit of 212867?
7
What is the thousands digit of 2419084?
9
What is the ten thousands digit of 492227?
9
What is the units digit of 897883?
3
What is the hundreds digit of 262139?
1
What is the millions digit of 7976711?
7
What is the thousands digit of 501782?
1
What is the units digit of 1276828?
8
What is the tens digit of 764232?
3
What is the units digit of 402928?
8
What is the units digit of 4640703?
3
What is the tens digit of 2956258?
5
What is the tens digit of 2972009?
0
What is the thousands digit of 5815586?
5
What is the ten thousands digit of 12413755?
1
What is the ten thousands digit of 514610?
1
What is the hundred thousands digit of 410887?
4
What is the units digit of 189031?
1
What is the ten thousands digit of 1754829?
5
What is the hundred thousands digit of 123971?
1
What is the hundreds digit of 2400741?
7
What is the hundred thousands digit of 17363249?
3
What is the hundred thousands digit of 14394794?
3
What is the units digit of 15454101?
1
What is the tens digit of 4256884?
8
What is the ten millions digit of 13563467?
1
What is the units digit of 390387?
7
What is the hundreds digit of 1758328?
3
What is the tens digit of 142342?
4
What is the hundreds digit of 2313100?
1
What is the tens digit of 2004712?
1
What is the hundred thousands digit of 374078?
3
What is the thousands digit of 2518343?
8
What is the tens digit of 1136333?
3
What is the units digit of 979607?
7
What is the ten thousands digit of 1093691?
9
What is the units digit of 205411?
1
What is the hundreds digit of 231572?
5
What is the units digit of 25104?
4
What is the hundred thousands digit of 6988662?
9
What is the tens digit of 12257549?
4
What is the thousands digit of 201387?
1
What is the ten thousands digit of 612226?
1
What is the tens digit of 87386?
8
What is the ten thousands digit of 29028986?
2
What is the tens digit of 422620?
2
What is the hundreds digit of 8504811?
8
What is the hundreds digit of 144731?
7
What is the units digit of 419022?
2
What is the thousands digit of 13384903?
4
What is the ten thousands digit of 1042131?
4
What is the ten thousands digit of 24402770?
0
What is the units digit of 3328863?
3
What is the thousands digit of 4837911?
7
What is the ten thousands digit of 4748826?
4
What is the ten thousands digit of 160808?
6
What is the hundreds digit of 297478?
4
What is the ten thousands digit of 22236668?
3
What is the ten millions digit of 10244202?
1
What is the millions digit of 5683771?
5
What is the hundreds digit of 3434426?
4
What is the units digit of 33294?
4
What is the tens digit of 801676?
7
What is the millions digit of 31676273?
1
What is the ten thousands digit of 385540?
8
What is the units digit of 122983?
3
What is the units digit of 983867?
7
What is the ten thousands digit of 5539539?
3
What is the hundred thousands digit of 26726222?
7
What is the hundreds digit of 349502?
5
What is the thousands digit of 2069750?
9
What is the units digit of 10511062?
2
What is the thousands digit of 2470760?
0
What is the tens digit of 3085102?
0
What is the millions digit of 2149147?
2
What is the hundreds digit of 3998329?
3
What is the thousands digit of 33982515?
2
What is the hundred thousands digit of 2701521?
7
What is the hundreds digit of 2300114?
1
What is the units digit of 95128?
8
What is the millions digit of 1623039?
1
What is the units digit of 405881?
1
What is the ten thousands digit of 142747?
4
What is the ten thousands digit of 2030865?
3
What is the tens digit of 288873?
7
What is the thousands digit of 5353220?
3
What is the thousands digit of 2807802?
7
What is the tens digit of 815953?
5
What is the tens digit of 1638395?
9
What is the tens digit of 18613742?
4
What is the tens digit of 12942406?
0
What is the tens digit of 316824?
2
What is the millions digit of 1537878?
1
What is the millions digit of 18030851?
8
What is the ten thousands digit of 22401228?
0
What is the thousands digit of 837616?
7
What is the units digit of 7068286?
6
What is the units digit of 3983026?
6
What is the hundreds digit of 7801465?
4
What is the hundred thousands digit of 1899324?
8
What is the thousands digit of 13758884?
8
What is the thousands digit of 1841688?
1
What is the ten thousands digit of 1199166?
9
What is the ten thousands digit of 224016?
2
What is the ten thousands digit of 463770?
6
What is the hundred thousands digit of 362429?
3
What is the tens digit of 56097?
9
What is the hundred thousands digit of 13589752?
5
What is the tens digit of 603840?
4
What is the units digit of 5424265?
5
What is the thousands digit of 2074802?
4
What is the units digit of 976901?
1
What is the thousands digit of 466956?
6
What is the ten thousands digit of 4260528?
6
What is the hundred thousands digit of 203647?
2
What is the hundred thousands digit of 3349056?
3
What is the hundred thousands digit of 6158078?
1
What is the hundreds digit of 6175424?
4
What is the tens digit of 79257?
5
What is the thousands digit of 3605131?
5
What is the units digit of 1739283?
3
What is the millions digit of 2094293?
2
What is the tens digit of 550359?
5
What is the millions digit of 10021176?
0
What is the units digit of 85672?
2
What is the tens digit of 430646?
4
What is the ten thousands digit of 314488?
1
What is the hundred thousands digit of 232687?
2
What is the hundreds digit of 3172?
1
What is the hundreds digit of 2497611?
6
What is the hundred thousands digit of 19342141?
3
What is the units digit of 603457?
7
What is the hundreds digit of 218698?
6
What is the hundred thousands digit of 1820707?
8
What is the ten thousands digit of 37670?
3
What is the ten thousands digit of 10977400?
7
What is the thousands digit of 6360475?
0
What is the units digit of 899503?
3
What is the tens digit of 107687?
8
What is the hundred thousands digit of 107131?
1
What is the ten thousands digit of 355944?
5
What is the hundreds digit of 837121?
1
What is the millions digit of 22866367?
2
What is the thousands digit of 98690?
8
What is the tens digit of 1273146?
4
What is the tens digit of 1817522?
2
What is the tens digit of 16131129?
2
What is the millions digit of 1058857?
1
What is the thousands digit of 9800?
9
What is the units digit of 228808?
8
What is the units digit of 14927786?
6
What is the hundreds digit of 9755?
7
What is the units digit of 104130?
0
What is the hundreds digit of 195684?
6
What is the thousands digit of 1473052?
3
What is the thousands digit of 2512685?
2
What is the units digit of 282107?
7
What is the units digit of 592444?
4
What is the hundred thousands digit of 3274756?
2
What is the tens digit of 8146990?
9
What is the hundred thousands digit of 1244876?
2
What is the tens digit of 8212240?
4
What is the hundreds digit of 897